{"id":369,"date":"2021-03-14T13:19:41","date_gmt":"2021-03-14T13:19:41","guid":{"rendered":"http:\/\/onlinegespeichert.de\/?page_id=369"},"modified":"2022-07-03T20:10:57","modified_gmt":"2022-07-03T20:10:57","slug":"bogenschiessen","status":"publish","type":"page","link":"https:\/\/svfreden.de\/?page_id=369","title":{"rendered":"Bogenschie\u00dfen"},"content":{"rendered":"\n<div class=\"wp-block-cover has-background-gradient\" style=\"min-height:136px\"><img loading=\"lazy\" width=\"2560\" height=\"1920\" class=\"wp-block-cover__image-background wp-image-498\" alt=\"\" src=\"http:\/\/onlinegespeichert.de\/wp-content\/uploads\/2021\/05\/20190811_203541-scaled.jpg\" data-object-fit=\"cover\" srcset=\"https:\/\/svfreden.de\/wp-content\/uploads\/2021\/05\/20190811_203541-scaled.jpg 2560w, https:\/\/svfreden.de\/wp-content\/uploads\/2021\/05\/20190811_203541-300x225.jpg 300w, https:\/\/svfreden.de\/wp-content\/uploads\/2021\/05\/20190811_203541-700x525.jpg 700w, https:\/\/svfreden.de\/wp-content\/uploads\/2021\/05\/20190811_203541-768x576.jpg 768w, https:\/\/svfreden.de\/wp-content\/uploads\/2021\/05\/20190811_203541-1536x1152.jpg 1536w, https:\/\/svfreden.de\/wp-content\/uploads\/2021\/05\/20190811_203541-2048x1536.jpg 2048w\" sizes=\"(max-width: 706px) 89vw, (max-width: 767px) 82vw, 740px\" \/><div class=\"wp-block-cover__inner-container\">\n<p class=\"has-text-align-center has-large-font-size\"><\/p>\n<\/div><\/div>\n\n\n\n<p><\/p>\n\n\n\n<p>  <\/p>\n\n\n\n<p>Bei uns im Sch\u00fctzenverein stehen mehrere Vereinsb\u00f6gen und die zugeh\u00f6rige Ausr\u00fcstung und Pfeile zur freien Verf\u00fcgung. Das ist besonders f\u00fcr die Jugend von gro\u00dfem Vorteil, da sie in Ruhe das Bogenschie\u00dfen kennen lernen k\u00f6nnen, ohne selbst Ausr\u00fcstung anschaffen zu m\u00fcssen. Aber nat\u00fcrlich k\u00f6nnen auch erwachsene Sch\u00fctzinnen und Sch\u00fctzen auf das Vereinsmaterial zur\u00fcckgreifen. Das hat den gro\u00dfen Vorteil, dass man sich erst nach und nach die eigene, pers\u00f6nliche Ausr\u00fcstung zusammenstellen kann und so nicht alles auf einmal anschaffen muss.<\/p>\n\n\n\n<p>Neben Kraft und Ausdauer erfordert Bogenschie\u00dfen auch viel Konzentration. Heute wird diese Schie\u00dfsportdisziplin im Freien (90, 70, 60, 50, 30 m Distanz) und in der Halle (18 m Distanz) geschossen. Aus dem einfachen Langbogen des Mittelalters sind vergleichsweise hoch technisierte und physikalisch ausgekl\u00fcgelte Sportger\u00e4te entstanden. Die Wurfarme des Bogens sind h\u00e4ufig aus Carbon-, Glasfaser oder Holzverbundwerkstoffen gefertigt. Gezielt wird zumeist mit Hilfe einer Visierung. Der Reiz und gleichzeitig die gro\u00dfe Schwierigkeit, aber auch Herausforderung der Disziplin &#8222;Bogenschie\u00dfen&#8220; besteht sicherlich darin, dass beim Zielvorgang nicht zwei Visierpunkte (Kimme, Korn) zur Deckung gebracht werden k\u00f6nnen. Der Erfolg des Treffens ist so prim\u00e4r ein Produkt der K\u00f6rperbeherrschung, der Konzentrationsf\u00e4higkeit und der Gleichm\u00e4\u00dfigkeit und Wiederholbarkeit von Bewegungen.<\/p>\n\n\n\n<p>  <\/p>\n\n\n\n<p><\/p>\n\n\n\n<div class=\"wp-block-cover has-background-dim-30 has-background-dim has-background-gradient\" style=\"min-height:209px\"><span aria-hidden=\"true\" class=\"wp-block-cover__gradient-background\" style=\"background:radial-gradient(rgb(0,0,0) 0%,rgb(23,35,112) 96%)\"><\/span><img loading=\"lazy\" width=\"2560\" height=\"1920\" class=\"wp-block-cover__image-background wp-image-496\" alt=\"\" src=\"http:\/\/onlinegespeichert.de\/wp-content\/uploads\/2021\/05\/20180905_192701-scaled.jpg\" data-object-fit=\"cover\" srcset=\"https:\/\/svfreden.de\/wp-content\/uploads\/2021\/05\/20180905_192701-scaled.jpg 2560w, https:\/\/svfreden.de\/wp-content\/uploads\/2021\/05\/20180905_192701-300x225.jpg 300w, https:\/\/svfreden.de\/wp-content\/uploads\/2021\/05\/20180905_192701-700x525.jpg 700w, https:\/\/svfreden.de\/wp-content\/uploads\/2021\/05\/20180905_192701-768x576.jpg 768w, https:\/\/svfreden.de\/wp-content\/uploads\/2021\/05\/20180905_192701-1536x1152.jpg 1536w, https:\/\/svfreden.de\/wp-content\/uploads\/2021\/05\/20180905_192701-2048x1536.jpg 2048w\" sizes=\"(max-width: 706px) 89vw, (max-width: 767px) 82vw, 740px\" \/><div class=\"wp-block-cover__inner-container\">\n<p class=\"has-text-align-center has-large-font-size\"><strong>Recurve-Bogen<\/strong><\/p>\n<\/div><\/div>\n\n\n\n<p>F\u00fcr&nbsp; Anf\u00e4nger ist der<strong> Recurve-Bogen<\/strong> am besten geeignet. Er besteht aus einem Mittelteil aus Holz oder Metall, an das die beiden Wurfarme befestigt werden (Steck- oder Schraubvorrichtungen). Die Wahl der St\u00e4rke der Wurfarme l\u00e4sst sich hierbei ganz individuell auf die physische Leistungsf\u00e4higkeit des Sch\u00fctzen abstimmen. Diesem Aspekt kommt besondere Bedeutung zu, da das Ziehen des Bogens vornehmlich die R\u00fcckenmuskulatur beansprucht und diese erfahrungsgem\u00e4\u00df bei Anf\u00e4ngern nur schwach ausgebildet ist. Bei einer St\u00e4rkung der Muskulatur kann nun beim Recurve &#8211; Bogen durch Austausch der Wurfarme die Zugkraft erh\u00f6ht werden und an die Steigerung der Leistung angepasst werden. Die weiteren Bestandteile des Bogens sind die Sehne (Kunstfasern), ein am Mittelteil befestigtes Visier und eine Pfeilauflage. Als Zubeh\u00f6r ben\u00f6tigt man noch einen Armschutz (Schutz vor dem m\u00f6glichen Aufschlag der Sehne auf den Unterarm), einen Fingerschutz (Tab) f\u00fcr die Finger, die die Sehne ziehen und einen K\u00f6cher f\u00fcr den Pfeiltransport.<\/p>\n\n\n\n<div class=\"wp-block-cover has-background-dim\" style=\"min-height:224px\"><img loading=\"lazy\" width=\"2499\" height=\"2560\" class=\"wp-block-cover__image-background wp-image-517\" alt=\"\" src=\"http:\/\/onlinegespeichert.de\/wp-content\/uploads\/2022\/07\/AdobeStock_368011737-scaled.jpeg\" style=\"object-position:33% 6%\" data-object-fit=\"cover\" data-object-position=\"33% 6%\" srcset=\"https:\/\/svfreden.de\/wp-content\/uploads\/2022\/07\/AdobeStock_368011737-scaled.jpeg 2499w, https:\/\/svfreden.de\/wp-content\/uploads\/2022\/07\/AdobeStock_368011737-293x300.jpeg 293w, https:\/\/svfreden.de\/wp-content\/uploads\/2022\/07\/AdobeStock_368011737-700x717.jpeg 700w, https:\/\/svfreden.de\/wp-content\/uploads\/2022\/07\/AdobeStock_368011737-768x787.jpeg 768w, https:\/\/svfreden.de\/wp-content\/uploads\/2022\/07\/AdobeStock_368011737-1499x1536.jpeg 1499w, https:\/\/svfreden.de\/wp-content\/uploads\/2022\/07\/AdobeStock_368011737-1999x2048.jpeg 1999w\" sizes=\"(max-width: 706px) 89vw, (max-width: 767px) 82vw, 740px\" \/><div class=\"wp-block-cover__inner-container\">\n<p class=\"has-text-align-center has-large-font-size\"><strong>Compound-Bogen<\/strong><\/p>\n<\/div><\/div>\n\n\n\n<p>Der <strong>Compoundbogen<\/strong> (compound = zusammengesetzt, kombiniert) ist die technisch aufwendigste Form der Bogentypen. In Verbindung mit einem Release (mechanischer L\u00f6sehilfe), Visier und Stabilisation kann eine sehr hohe Treffsicherheit erreicht werden. Die Spannung des Bogens wird nicht wie bei den beiden anderen Typen kontinuierlich in den Wurfarmen aufgebaut, sodass im vollen Auszug die ganze Energie auf den Fingern liegt, sondern genau umgekehrt. Am Anfang wird viel mehr Kraft zum Ziehen gebraucht, w\u00e4hrend am Ende im Auszug, in der Zielphase, das Gewicht und der Druck auf den Fingern verringert wird.  Dies wird durch exzentrische aufgeh\u00e4nge Rollen, \u00fcber die die Sehne gef\u00fchrt wird, durch damit verbundene Ver\u00e4nderung der Hebelwirkung erreicht.<\/p>\n\n\n\n<p>Die Pfeile bestehen aus Aluminium oder Carbon. Geschossen wird auf Scheiben aus gepresstem Stroh oder Kunststoffen. Auf diese Scheiben k\u00f6nnen Zielauflagen (Papier) mit Durchmessern von 40 cm bis 1,22m befestigt werden.<\/p>\n","protected":false},"excerpt":{"rendered":"<p>Bei uns im Sch\u00fctzenverein stehen mehrere Vereinsb\u00f6gen und die zugeh\u00f6rige Ausr\u00fcstung und Pfeile zur freien Verf\u00fcgung. Das ist besonders f\u00fcr die Jugend von gro\u00dfem Vorteil, da sie in Ruhe das Bogenschie\u00dfen kennen lernen k\u00f6nnen, ohne selbst Ausr\u00fcstung anschaffen zu m\u00fcssen. Aber nat\u00fcrlich k\u00f6nnen auch erwachsene Sch\u00fctzinnen und Sch\u00fctzen auf das Vereinsmaterial zur\u00fcckgreifen. Das hat den &hellip; <\/p>\n<p class=\"link-more\"><a href=\"https:\/\/svfreden.de\/?page_id=369\" class=\"more-link\"><span class=\"screen-reader-text\">\u201eBogenschie\u00dfen\u201c<\/span> weiterlesen<\/a><\/p>\n","protected":false},"author":1,"featured_media":0,"parent":366,"menu_order":0,"comment_status":"closed","ping_status":"closed","template":"","meta":[],"_links":{"self":[{"href":"https:\/\/svfreden.de\/index.php?rest_route=\/wp\/v2\/pages\/369"}],"collection":[{"href":"https:\/\/svfreden.de\/index.php?rest_route=\/wp\/v2\/pages"}],"about":[{"href":"https:\/\/svfreden.de\/index.php?rest_route=\/wp\/v2\/types\/page"}],"author":[{"embeddable":true,"href":"https:\/\/svfreden.de\/index.php?rest_route=\/wp\/v2\/users\/1"}],"replies":[{"embeddable":true,"href":"https:\/\/svfreden.de\/index.php?rest_route=%2Fwp%2Fv2%2Fcomments&post=369"}],"version-history":[{"count":17,"href":"https:\/\/svfreden.de\/index.php?rest_route=\/wp\/v2\/pages\/369\/revisions"}],"predecessor-version":[{"id":533,"href":"https:\/\/svfreden.de\/index.php?rest_route=\/wp\/v2\/pages\/369\/revisions\/533"}],"up":[{"embeddable":true,"href":"https:\/\/svfreden.de\/index.php?rest_route=\/wp\/v2\/pages\/366"}],"wp:attachment":[{"href":"https:\/\/svfreden.de\/index.php?rest_route=%2Fwp%2Fv2%2Fmedia&parent=369"}],"curies":[{"name":"wp","href":"https:\/\/api.w.org\/{rel}","templated":true}]}}